{"id":766,"date":"2024-07-26T10:13:42","date_gmt":"2024-07-26T10:13:42","guid":{"rendered":"http:\/\/www.turkiyealevifederasyonu.org\/?page_id=766"},"modified":"2024-07-26T10:13:43","modified_gmt":"2024-07-26T10:13:43","slug":"garip-dede-dergahi","status":"publish","type":"page","link":"http:\/\/www.turkiyealevifederasyonu.org\/?page_id=766","title":{"rendered":"Garip Dede Dergah\u0131"},"content":{"rendered":"\n<p><\/p>\n\n\n\n<figure class=\"wp-block-gallery has-nested-images columns-default is-cropped wp-block-gallery-1 is-layout-flex wp-block-gallery-is-layout-flex\">\n<figure class=\"wp-block-image size-large\"><img loading=\"lazy\" decoding=\"async\" width=\"888\" height=\"640\" data-id=\"767\" src=\"http:\/\/www.turkiyealevifederasyonu.org\/wp-content\/uploads\/2024\/07\/e5473e90-7f93-4827-a7ee-6b5f78f70853.jpg\" alt=\"\" class=\"wp-image-767\" srcset=\"http:\/\/www.turkiyealevifederasyonu.org\/wp-content\/uploads\/2024\/07\/e5473e90-7f93-4827-a7ee-6b5f78f70853.jpg 888w, http:\/\/www.turkiyealevifederasyonu.org\/wp-content\/uploads\/2024\/07\/e5473e90-7f93-4827-a7ee-6b5f78f70853-300x216.jpg 300w, http:\/\/www.turkiyealevifederasyonu.org\/wp-content\/uploads\/2024\/07\/e5473e90-7f93-4827-a7ee-6b5f78f70853-768x554.jpg 768w\" sizes=\"auto, (max-width: 888px) 100vw, 888px\" \/><\/figure>\n<\/figure>\n\n\n\n<p>Alevi toplumun sorunlar\u0131n\u0131, \u00e7a\u011fda\u015fla\u015fma sorunuyla ili\u015fkilendirmeyi ba\u015farm\u0131\u015f &nbsp;inan\u00e7sal, k\u00fclt\u00fcrel, sosyal ve siyasal&nbsp; politikalar\u0131n\u0131 \u00f6nayak olmu\u015f &nbsp;ve&nbsp; toplumun gelece\u011fe dair inan\u00e7sal tutumlar\u0131n\u0131&nbsp; temellendirmek amac\u0131yla s\u00fcrd\u00fcrebilir \u00e7al\u0131\u015fmalar yapm\u0131\u015ft\u0131r<\/p>\n\n\n\n<ul class=\"wp-block-list\">\n<li>Garip Dede Dergah\u0131 Alevi toplumuna sivil \u00f6rg\u00fctlenme sorumlulu\u011fu kazand\u0131rmay\u0131 ba\u015farm\u0131\u015ft\u0131r<\/li>\n\n\n\n<li>\u0130nanc\u0131n\u0131n tan\u0131mlanmas\u0131na \u00a0Alevi toplumun karar vermesi i\u00e7in m\u00fccadele etmi\u015ftir<\/li>\n\n\n\n<li>Yasaklanan, kontrol alt\u0131na al\u0131nan inan\u00e7 pratiklerimizin yeniden ya\u015fat\u0131lmas\u0131 i\u00e7in\u00a0\u00a0 ortak anlay\u0131\u015f geli\u015ftirmi\u015f bu konuda say\u0131s\u0131z sosyal, k\u00fclt\u00fcrel ve inan\u00e7sal \u00e7al\u0131\u015fmalar yapm\u0131\u015ft\u0131r<\/li>\n\n\n\n<li>Alevilik inanc\u0131n\u0131n tarihsel s\u00fcre\u00e7te nas\u0131l tan\u0131mland\u0131\u011f\u0131n\u0131, \u00f6l\u00e7\u00fctlerini , asimilasyona ne kadar u\u011frad\u0131\u011f\u0131n\u0131 kurumsal \u00e7al\u0131\u015fmalarla yakla\u015fm\u0131\u015f \u00a0buna kar\u015f\u0131 Yap\u0131sal ve niteliksel \u00f6zellikleri analiz eden fikirler \u00fcretmi\u015ftir \u00a0ibadet ve sosyal k\u00fclt\u00fcr \u00e7al\u0131\u015fmalar\u0131 i\u00e7in mek\u00e2nsal sorunlar\u0131n\u0131 \u00e7\u00f6zm\u00fc\u015ft\u00fcr<\/li>\n\n\n\n<li>Alevi toplumun karanl\u0131ktan s\u0131yr\u0131lmas\u0131 i\u00e7in i\u00e7 dinamiklerinde yer alan bilgi, ak\u0131l ve sorgulamay\u0131 topluma R\u00f6nesans anlay\u0131\u015f\u0131 vermeye \u00e7al\u0131\u015fm\u0131\u015f, \u00a0entelekt\u00fcel bilgi olu\u015fmas\u0131 i\u00e7in binlerce konferans, toplant\u0131 ve alan ara\u015ft\u0131rmas\u0131na destek vermi\u015ftir<\/li>\n\n\n\n<li>Bask\u0131 ve zulme kar\u015f\u0131 Kendini anlatma ,Irk\u00e7\u0131l\u0131k ,\u00f6tekile\u015ftirme ve kirli bilgiyle m\u00fccadele etmi\u015f\u00a0 bu kirli bilgi ile \u00e7at\u0131\u015fma\u00a0 yaratarak \u00a0\u00a0toplumsal stat\u00fc elde etmeye \u00e7al\u0131\u015fanlara\u00a0 izin vermemi\u015f\u00a0 halkla \u00a0birlikte m\u00fccadele etmi\u015ftir<\/li>\n\n\n\n<li>\u0130nanc\u0131m\u0131zdaki \u0130krara vurgu yaparak , Aleviliklerin \u00f6zg\u00fcrl\u00fck anlay\u0131\u015f\u0131n\u0131\u00a0 toplumsal sadakat ili\u015fkisine d\u00f6n\u00fc\u015ft\u00fcrmeyi ba\u015farm\u0131\u015f\u00a0 bunun i\u00e7in \u00e7ok say\u0131da sosyal sorumluluk \u00e7al\u0131\u015fmalar\u0131 yapm\u0131\u015ft\u0131r\u00a0<\/li>\n\n\n\n<li>Niteli\u011fi ve ba\u011f\u0131ms\u0131z \u00f6zelli\u011fi ile\u00a0\u00a0 inanc\u0131m\u0131z\u0131n ta\u015f\u0131y\u0131c\u0131 olan, s\u00f6zl\u00fc gelene\u011fin usullerine, sad\u0131k kalan \u0130nan\u00e7sal \u00a0alanda \u00f6zg\u00fcrl\u00fckle itikatt\u0131 dengede tutan inan\u00e7 \u00f6nderlerimize, ozanlar\u0131m\u0131za, sanat\u00e7\u0131lar\u0131m\u0131za ve eserlerine sahip \u00e7\u0131km\u0131\u015ft\u0131r<\/li>\n<\/ul>\n\n\n\n<ol class=\"wp-block-list\">\n<li>\u0130htiya\u00e7 duyulan bir \u00e7ok alanda sosyal \u2013k\u00fclt\u00fcrel ve mesleki-teknik kurslar d\u00fczenlemi\u015f, beceri Geli\u015ftirme yada Mesleki ve teknik e\u011fitim g\u00f6rme olana\u011f\u0131 bulamam\u0131\u015f \u00e7ocuklar\u0131m\u0131za\u00a0 mesle\u011fe haz\u0131rlam\u0131\u015f, \u00f6zellikle kad\u0131nlar\u0131n pasif t\u00fcketicilikten aktif \u00fcretici konumuna getirmek, bilgi ve beceriye kavu\u015fturmak amac\u0131yla\u00a0 kurslar d\u00fczenlenmi\u015f \u00a0d\u00f6nemsel olarak her alanda 250 yak\u0131n kursiyere bu anlamda hizmet vermi\u015ftir<\/li>\n\n\n\n<li>\u00a0\u0130nanc\u0131ndaki ileti\u015fim metodu olan edebiyatla sorunlar\u0131n\u0131 \u00e7\u00f6zen, \u00e7\u00f6z\u00fcm arayan Alevi toplumu i\u00e7in T\u00fcrk\u00fclerin, deyi\u015flerin vb. inan\u00e7sal eserlerin, birbirinden ba\u011f\u0131ms\u0131z g\u00fc\u00e7l\u00fc bir ileti\u015fim a\u011f\u0131 kurdu\u011funa inan Garip Dede Derg\u00e2h\u0131, ayn\u0131 disiplin ve ruhla \u00e7al\u0131\u015facak,\u00a0 ya\u015famla ilgili bir\u00e7ok inan\u00e7sal temay\u0131 koruma alt\u0131na alacak,\u00a0 toplumun kendi i\u00e7inde yarat\u0131c\u0131l\u0131\u011f\u0131n\u0131 yeniden yakalamas\u0131, inan\u00e7sal de\u011ferlerine ve ikrar disiplini ile sahip \u00e7\u0131kmas\u0131n\u0131 sa\u011flayacak \u201cS\u00d6Z\u00dcM\u00dcZ \u201cKUTSALDIR\u00a0 projesiyle\u00a0 570 etkinlik ve bir o kadar sanat\u00e7\u0131, halk ozan\u0131 ve di\u011fer dallarda sanat\u00e7\u0131ya ev sahipli\u011fi yaparak\u00a0 t\u00fcm \u00a0Alevi kurumlar\u0131na \u00f6rnek olmu\u015ftur<\/li>\n\n\n\n<li>Uygun g\u00f6rd\u00fc\u011f\u00fc \u00a0konular i\u00e7in, yurt i\u00e7inde ve yurt d\u0131\u015f\u0131nda\u00a0 inan\u00e7sal ,sosyal, k\u00fclt\u00fcrel ara\u015ft\u0131rmalarda bulunmu\u015f, konferans ve seminerlere ,konser vb. etkinliklere i\u015ftirak etmi\u015f maddi ve manevi destek sa\u011flam\u0131\u015ft\u0131r<\/li>\n\n\n\n<li>\u00a0\u00dclkenin bir\u00e7ok yerinde yap\u0131lan, yap\u0131lmak istenen 150 cemevinin imar planlar\u0131na destek olmu\u015f ,yap\u0131sal hizmet vermeleri i\u00e7in maddi destek sa\u011flanm\u0131\u015ft\u0131r ( inan\u00e7sal hizmetlerini yapmalar\u0131 i\u00e7in\u00a0 ara\u00e7 ve di\u011fer konularda destek olunmu\u015ftur)<\/li>\n\n\n\n<li>Avrupa \u0130nsan Haklar\u0131 Mahkemesinin, \u00a0Cemevlerinin\u00a0 ibadethane oldu\u011fu sonucuna varmas\u0131n\u0131n ard\u0131ndan\u00a0 Garip Dede Dergah\u0131 \u00a0\u00a0Avrupa \u0130nsan Haklar\u0131 S\u00f6zle\u015fmesi&#8217;nin ayr\u0131mc\u0131l\u0131\u011fa ili\u015fkin karar\u0131na sahip \u00e7\u0131km\u0131\u015f \u00a0din ve vicdan \u00f6zg\u00fcrl\u00fc\u011f\u00fcne ili\u015fkin karar\u0131n \u00fclkemizde de \u00a0i\u00e7 hukuk mekanizmas\u0131nda ge\u00e7mesi i\u00e7in bir\u00e7ok miting ve \u00e7al\u0131\u015fmaya kat\u0131lm\u0131\u015ft\u0131r bir\u00e7ok bas\u0131n a\u00e7\u0131klamas\u0131 yapm\u0131\u015f di\u011fer kurumlara da destek vermi\u015ftir<\/li>\n\n\n\n<li>K\u00f6ks\u00fczl\u00fc\u011fe, Bencilli\u011fe, \u00d6tekile\u015ftirmeye\u00a0 etnik b\u00f6l\u00fcc\u00fcl\u00fc\u011fe kar\u015f\u0131 di\u011fer ayd\u0131n ve ilerici\u00a0 sivil\u00a0 toplum \u00f6rg\u00fctlerine destek olmu\u015ftur<\/li>\n\n\n\n<li>\u00dcretilen, ara\u015ft\u0131r\u0131lan ve da\u011f\u0131t\u0131lan inan\u00e7sal\u00a0 bilginin do\u011frulu\u011funu ve etkisini de\u011ferlendirmek i\u00e7in muhabbet k\u00fclt\u00fcr\u00fcn\u00fc yeniden canland\u0131rm\u0131\u015f, \u00e7al\u0131\u015fmalar yapm\u0131\u015f\u00a0 bu \u00e7al\u0131\u015fmalara b\u00fcy\u00fck oranda kat\u0131l\u0131m sa\u011flamay\u0131 ba\u015farm\u0131\u015ft\u0131r<\/li>\n\n\n\n<li>S\u00f6zl\u00fc gelenek \u00fczerine kurulmu\u015f ya\u015fam\u0131 canl\u0131 tutmak amac\u0131yla kurumlarla i\u015fbirli\u011fine gitmi\u015f saz,ba\u011flama,semah\u00a0 e\u011fitimi ve di\u011fer inan\u00e7sal uygulamalar\u0131n do\u011fru yap\u0131lmas\u0131 i\u00e7in ehil ki\u015filerden destek al\u0131nm\u0131\u015f ve uygulama alan\u0131 yaratm\u0131\u015ft\u0131r bu anlamda her y\u0131l 150 ki\u015fiye saz ,ba\u011flama ve inan\u00e7sal e\u011fitim verilmi\u015ftir.<\/li>\n\n\n\n<li>\u00a0\u00a0Alevileri asimile eden, kin, \u00f6fke ve nefretle bize bakan \u00abtarafl\u0131 \u00e7al\u0131\u015f\u0131n\u00bb \u00abtarafl\u0131 ara\u015ft\u0131ran\u00bb \u00abtaraf se\u00e7enlerle m\u00fccadele etmi\u015f bir\u00e7o\u011funun Alevi toplumuna adalet \u00f6n\u00fcnde hesap vermesi i\u00e7in dava a\u00e7\u0131lm\u0131\u015ft\u0131r<\/li>\n\n\n\n<li>Garip Dede Derg\u00e2h\u0131 misyonuna uygun sosyal yard\u0131mlarla toplumun kenetlenmesine destek olmu\u015f, \u201c HAYAT B\u0130R YOL H\u0130K\u00c2YES\u0130D\u0130R\u201d projesiyle Anadolu\u2019da bir\u00e7ok k\u00f6y okuluna e\u011fitim \u00f6\u011fretim deste\u011fi sa\u011flam\u0131\u015f<\/li>\n\n\n\n<li>Garip Dede Dergah\u0131n\u0131n \u00a0sabit ve faaliyet giderlerini kar\u015f\u0131layan yine siz de\u011ferli canlar\u0131m\u0131zs\u0131n\u0131z\u00a0 bu yard\u0131mlar\u0131n\u0131z o kadar de\u011ferli\u00a0 ve kutsal ki \u00a0bu duyguyla yap\u0131lan \u201cH\u0131z\u0131r Lokmas\u0131\u201d projesi\u00a0 k\u0131sa s\u00fcrede destek g\u00f6rm\u00fc\u015f binlerce Alevi ihtiya\u00e7 sahibi\u00a0 can\u0131m\u0131z\u0131n\u00a0 ge\u00e7im s\u0131k\u0131nt\u0131s\u0131na nefes olmu\u015ftur ve do\u011fal afetler yada felaketlerden etkilenen\u00a0 bir \u00e7ok can\u0131m\u0131za da katk\u0131 sa\u011flanm\u0131\u015ft\u0131r<\/li>\n<\/ol>\n\n\n\n<p>Evet, sevgili canlar Garip Dede derg\u00e2h\u0131 t\u00fcm kurumsal organlar\u0131n\u0131 do\u011fru \u00e7al\u0131\u015ft\u0131rarak&nbsp; haftal\u0131k 18 bin olan ziyaret\u00e7i can\u0131na daha iyi hizmet vermek, onlar\u0131 onure etmek ve bir arada tutmak i\u00e7in,&nbsp; son y\u00f6netim kurulunda verdi\u011fi s\u00f6z\u00fc tutmu\u015f ve 2019 y\u0131l\u0131nda yap\u0131m\u0131na ba\u015flad\u0131\u011f\u0131 Garip Dede Dergah\u0131 ek hizmet binas\u0131n\u0131 tamamlayarak, hizmete sunmay\u0131 ba\u015farm\u0131\u015ft\u0131r 6584 metre kare alan \u00fczerine kurulu&nbsp; hizmet binas\u0131&nbsp; 500 ki\u015filik arif sa\u011f konferans salonu,2000 ki\u015filik ek yemek hane salonu, adak ve kurban kesim Alan\u0131, hakka u\u011furlama alan\u0131, donan\u0131ml\u0131 sosyal k\u00fclt\u00fcrel ve mesleki&nbsp; e\u011fitim s\u0131n\u0131flar\u0131, Gadev akademi\u201d k\u00fct\u00fcphanesi, ve bir\u00e7ok \u00e7al\u0131\u015fma birimi i\u00e7ermektedir<\/p>\n\n\n\n<p>Evet, sevgili canlar t\u00fcm bu \u00e7al\u0131\u015fmalar\u0131n daha kurumsal bir yap\u0131da y\u00fcr\u00fct\u00fclmesi ve inanc\u0131m\u0131zdaki yard\u0131m duygusunun t\u00fcm toplumlara \u00f6rnek olmas\u0131, dayan\u0131\u015fma ilkesiyle Alevilerin \u00f6rg\u00fctlenmesine katk\u0131 sa\u011flamak ve onlar\u0131n g\u00f6n\u00fcl zenginliklerini d\u00fcnyaya anlatmak i\u00e7in 2021 y\u0131l\u0131nda GADEV vakf\u0131n\u0131 kurmu\u015ftur vakf\u0131m\u0131z; sizlerin deste\u011fi ile t\u00fcm Alevilerin tevecc\u00fch\u00fcn\u00fc kazanarak \u00e7al\u0131\u015fma ilkeleriyle referans kurum olacakt\u0131r buna can\u0131 g\u00f6n\u00fclden inan\u0131yor sayg\u0131lar\u0131m\u0131 sunuyoruz<\/p>\n","protected":false},"excerpt":{"rendered":"<p>Alevi toplumun sorunlar\u0131n\u0131, \u00e7a\u011fda\u015fla\u015fma sorunuyla ili\u015fkilendirmeyi ba\u015farm\u0131\u015f &nbsp;inan\u00e7sal, k\u00fclt\u00fcrel, sosyal ve siyasal&nbsp; politikalar\u0131n\u0131 \u00f6nayak olmu\u015f &nbsp;ve&nbsp; toplumun gelece\u011fe dair inan\u00e7sal tutumlar\u0131n\u0131&nbsp; temellendirmek amac\u0131yla s\u00fcrd\u00fcrebilir \u00e7al\u0131\u015fmalar yapm\u0131\u015ft\u0131r Evet, sevgili canlar Garip Dede derg\u00e2h\u0131 t\u00fcm kurumsal organlar\u0131n\u0131 do\u011fru \u00e7al\u0131\u015ft\u0131rarak&nbsp; haftal\u0131k 18 bin<\/p>\n","protected":false},"author":1,"featured_media":0,"parent":0,"menu_order":0,"comment_status":"closed","ping_status":"closed","template":"","meta":{"footnotes":""},"class_list":["post-766","page","type-page","status-publish","hentry"],"_links":{"self":[{"href":"http:\/\/www.turkiyealevifederasyonu.org\/index.php?rest_route=\/wp\/v2\/pages\/766","targetHints":{"allow":["GET"]}}],"collection":[{"href":"http:\/\/www.turkiyealevifederasyonu.org\/index.php?rest_route=\/wp\/v2\/pages"}],"about":[{"href":"http:\/\/www.turkiyealevifederasyonu.org\/index.php?rest_route=\/wp\/v2\/types\/page"}],"author":[{"embeddable":true,"href":"http:\/\/www.turkiyealevifederasyonu.org\/index.php?rest_route=\/wp\/v2\/users\/1"}],"replies":[{"embeddable":true,"href":"http:\/\/www.turkiyealevifederasyonu.org\/index.php?rest_route=%2Fwp%2Fv2%2Fcomments&post=766"}],"version-history":[{"count":1,"href":"http:\/\/www.turkiyealevifederasyonu.org\/index.php?rest_route=\/wp\/v2\/pages\/766\/revisions"}],"predecessor-version":[{"id":768,"href":"http:\/\/www.turkiyealevifederasyonu.org\/index.php?rest_route=\/wp\/v2\/pages\/766\/revisions\/768"}],"wp:attachment":[{"href":"http:\/\/www.turkiyealevifederasyonu.org\/index.php?rest_route=%2Fwp%2Fv2%2Fmedia&parent=766"}],"curies":[{"name":"wp","href":"https:\/\/api.w.org\/{rel}","templated":true}]}}